
{"id":352,"date":"2021-06-02T09:28:59","date_gmt":"2021-06-02T07:28:59","guid":{"rendered":"https:\/\/przedszkole28.edu.wroclaw.pl\/?page_id=352"},"modified":"2022-03-10T10:22:29","modified_gmt":"2022-03-10T09:22:29","slug":"wizja-i-misja-przedszkola","status":"publish","type":"page","link":"https:\/\/przedszkole28.edu.wroclaw.pl\/index.php\/wizja-i-misja-przedszkola\/","title":{"rendered":"Wizja i Misja Przedszkola"},"content":{"rendered":"<h2><strong><img loading=\"lazy\" decoding=\"async\" class=\"wp-image-361 alignleft\" src=\"https:\/\/przedszkole28.edu.wroclaw.pl\/wp-content\/uploads\/sites\/60\/2021\/06\/misja_wizja_przedszkola.png\" alt=\"\" width=\"271\" height=\"243\"><\/strong><\/h2>\n<h2><strong>WIZJA PRZEDSZKOLA<\/strong><\/h2>\n<p>Dziecko opuszczaj\u0105ce mury przedszkola powinno:<\/p>\n<p>by\u0107 \u015bwiadome w\u0142asnych mo\u017cliwo\u015bci,<\/p>\n<p>by\u0107 przygotowane do r\u00f3l w spo\u0142ecze\u0144stwie,<\/p>\n<p>pos\u0142ugiwa\u0107 si\u0119 symbolami, znakami w czytaniu i liczeniu,<\/p>\n<p>wykazywa\u0107 si\u0119 dobr\u0105 sprawno\u015bci\u0105 ruchow\u0105 i manualn\u0105.<\/p>\n<h2><strong>MISJA PRZEDSZKOLA<\/strong><\/h2>\n<p>Plac\u00f3wka powinna stworzy\u0107 \u015brodowisko edukacyjne sprzyjaj\u0105ce harmonijnemu, wszechstronnemu rozwojowi dziecka w oparciu o aktywno\u015b\u0107 tw\u00f3rcz\u0105, samopoznanie, rozwijanie zainteresowa\u0144 i wspieranie uzdolnie\u0144.<\/p>\n<h2><strong>PROFIL PLAC\u00d3WKI<\/strong><\/h2>\n<p>Profil naszej plac\u00f3wki to praca metodami aktywno\u015bci tw\u00f3rczej i artystycznej. Do najcz\u0119\u015bciej stosowanych przez nas metod nale\u017c\u0105 metody pedagogiki zabawy. Metody te pozwalaj\u0105 na:<\/p>\n<ul>\n<li>\u0142atwiejsze wej\u015bcie w grup\u0119,<\/li>\n<li>wsp\u00f3lne odkrywanie i prze\u017cywanie zabawy,<\/li>\n<li>wyeliminowanie niezdrowej rywalizacji i zwalczania si\u0119,<\/li>\n<li>motywowanie do wsp\u00f3\u0142dzia\u0142ania w zespole,<\/li>\n<li>wyra\u017cania siebie za pomoc\u0105 ruchu, ta\u0144ca gestu \u015bpiewu, rozmowy,<\/li>\n<li>uczenie si\u0119 przez do\u015bwiadczenie,<\/li>\n<li>samoocen\u0119, poznanie w\u0142asnej hierarchii warto\u015bci.<\/li>\n<\/ul>\n<h2><strong>MODEL ABSOLWENTA<\/strong><\/h2>\n<p>Dziecko ko\u0144cz\u0105ce przedszkole potrafi dobrze funkcjonowa\u0107 w roli ucznia, tzn.<\/p>\n<h3>wykazuje:<\/h3>\n<ul>\n<li>motywacj\u0119 do uczenia si\u0119 i do wysi\u0142ku intelektualnego,<\/li>\n<li>zainteresowanie tre\u015bciami nauczania, ch\u0119\u0107 poznawania czego\u015b nowego,<\/li>\n<li>umiej\u0119tno\u015b\u0107 przyswajania nowych poj\u0119\u0107, logicznego my\u015blenia, korzystania<br \/>\nz posiadanych wiadomo\u015bci, uwa\u017cnego s\u0142uchania,<\/li>\n<li>tolerancj\u0119 wobec innych, odmiennych postaw, przekona\u0144,<\/li>\n<li>samodzielno\u015b\u0107, wytrwa\u0142o\u015b\u0107,<\/li>\n<li>odporno\u015b\u0107 na stres (sytuacje problemowe, konflikty z kolegami),<\/li>\n<\/ul>\n<h3>posiada:<\/h3>\n<ul>\n<li>zdolno\u015b\u0107 do obdarzania innych uwag\u0105 i porozumiewania si\u0119 w zrozumia\u0142y dla nich&nbsp; &nbsp;<br \/>\nspos\u00f3b,<\/li>\n<li>wyobra\u017cenie o obowi\u0105zkach wynikaj\u0105cych z roli wychowanka,<\/li>\n<li>podstawow\u0105 wiedz\u0119 o \u015bwiecie,<\/li>\n<\/ul>\n<h3>umie:<\/h3>\n<ul>\n<li>cieszy\u0107 si\u0119 z w\u0142asnych osi\u0105gni\u0119\u0107 i odczuwa\u0107 satysfakcj\u0119, gdy samodzielnie wykona&nbsp; &nbsp;<br \/>\nzadanie,<\/li>\n<li>skoncentrowa\u0107 si\u0119 podczas pracy przez d\u0142u\u017cszy czas,<\/li>\n<li>wsp\u00f3\u0142pracowa\u0107 w grupie,<\/li>\n<li>radzi\u0107 sobie z trudno\u015bciami,<\/li>\n<\/ul>\n<h3>rozumie, zna, przestrzega:<\/h3>\n<ul>\n<li>prawa dziecka i respektuje prawa innych ludzi,<\/li>\n<li>zasady bezpiecze\u0144stwa, zasady higieny, dba\u0142o\u015bci o zdrowie i sprawno\u015b\u0107 fizyczn\u0105<\/li>\n<li>zasady kultury wsp\u00f3\u0142\u017cycia, post\u0119powania,<\/li>\n<li>kultur\u0119 i dziedzictwo w\u0142asnego regionu, symbole narodowe,<\/li>\n<li>potrzeb\u0119 szanowania przyrody i \u015brodowiska.<\/li>\n<\/ul>\n<h3>nie obawia si\u0119:<\/h3>\n<ul>\n<li>wyst\u0119powa\u0107 publicznie &#8211; reprezentowa\u0107 grup\u0119, przedszkole,<\/li>\n<li>chwali\u0107 si\u0119 swoimi pomys\u0142ami, osi\u0105gni\u0119ciami, sukcesami,<\/li>\n<li>wykazywa\u0107 inicjatywy w dzia\u0142aniu,<\/li>\n<li>wyra\u017cania swoich uczu\u0107.<\/li>\n<\/ul>\n","protected":false},"excerpt":{"rendered":"<p>WIZJA PRZEDSZKOLA Dziecko opuszczaj\u0105ce mury przedszkola powinno: by\u0107 \u015bwiadome w\u0142asnych mo\u017cliwo\u015bci, by\u0107 przygotowane do r\u00f3l w spo\u0142ecze\u0144stwie, pos\u0142ugiwa\u0107 si\u0119 symbolami, znakami w czytaniu i liczeniu, wykazywa\u0107 si\u0119 dobr\u0105 sprawno\u015bci\u0105 ruchow\u0105 [&hellip;]<\/p>\n","protected":false},"author":7,"featured_media":0,"parent":0,"menu_order":0,"comment_status":"closed","ping_status":"closed","template":"","meta":{"footnotes":""},"class_list":["post-352","page","type-page","status-publish","hentry","clearfix"],"_links":{"self":[{"href":"https:\/\/przedszkole28.edu.wroclaw.pl\/index.php\/wp-json\/wp\/v2\/pages\/352","targetHints":{"allow":["GET"]}}],"collection":[{"href":"https:\/\/przedszkole28.edu.wroclaw.pl\/index.php\/wp-json\/wp\/v2\/pages"}],"about":[{"href":"https:\/\/przedszkole28.edu.wroclaw.pl\/index.php\/wp-json\/wp\/v2\/types\/page"}],"author":[{"embeddable":true,"href":"https:\/\/przedszkole28.edu.wroclaw.pl\/index.php\/wp-json\/wp\/v2\/users\/7"}],"replies":[{"embeddable":true,"href":"https:\/\/przedszkole28.edu.wroclaw.pl\/index.php\/wp-json\/wp\/v2\/comments?post=352"}],"version-history":[{"count":6,"href":"https:\/\/przedszkole28.edu.wroclaw.pl\/index.php\/wp-json\/wp\/v2\/pages\/352\/revisions"}],"predecessor-version":[{"id":504,"href":"https:\/\/przedszkole28.edu.wroclaw.pl\/index.php\/wp-json\/wp\/v2\/pages\/352\/revisions\/504"}],"wp:attachment":[{"href":"https:\/\/przedszkole28.edu.wroclaw.pl\/index.php\/wp-json\/wp\/v2\/media?parent=352"}],"curies":[{"name":"wp","href":"https:\/\/api.w.org\/{rel}","templated":true}]}}