
{"id":512,"date":"2022-04-26T10:41:01","date_gmt":"2022-04-26T08:41:01","guid":{"rendered":"https:\/\/przedszkole28.edu.wroclaw.pl\/?page_id=512"},"modified":"2024-09-09T22:22:55","modified_gmt":"2024-09-09T20:22:55","slug":"rodo","status":"publish","type":"page","link":"https:\/\/przedszkole28.edu.wroclaw.pl\/index.php\/rodo\/","title":{"rendered":"RODO"},"content":{"rendered":"<h2 id=\"text9_SubpageHeading_2\" class=\"skgd\" data-sgid=\"text9_SubpageHeading_2\">Dane kontaktowe inspektora ochrony danych osobowych<\/h2>\n<div id=\"text9_Html_1\" class=\"skgd plainText\" data-sgid=\"text9_Html_1\">\n<p>Dane kontaktowe IOD:<\/p>\n<p>TOMASZ GRZYBOWSKI<\/p>\n<p>adres e-mail:\u00a0<a href=\"mailto:inspektor@coreconsulting.pl\">inspektor@coreconsulting.pl<\/a><\/p>\n<\/div>\n<hr \/>\n<h3>Do pobrania:<\/h3>\n<p><a href=\"https:\/\/przedszkole28.edu.wroclaw.pl\/wp-content\/uploads\/sites\/60\/2024\/09\/Zal.-7.-Klauzula-zlozenie-pisma-w-placowce.docx\">Za\u0142. 7. Klauzula &#8211; z\u0142o\u017cenie pisma w plac\u00f3wce<\/a><\/p>\n<p><a href=\"https:\/\/przedszkole28.edu.wroclaw.pl\/wp-content\/uploads\/sites\/60\/2024\/09\/Zal.-7a.-Klauzula-zlozenie-pisma-wersja-skrocona.docx\">Za\u0142. 7a. Klauzula &#8211; z\u0142o\u017cenie pisma &#8211; wersja skr\u00f3cona<\/a><\/p>\n<p><a href=\"https:\/\/przedszkole28.edu.wroclaw.pl\/wp-content\/uploads\/sites\/60\/2024\/09\/Zal.-7c.-Klauzula-korespondencja-elektroniczna.docx\">Za\u0142. 7c. Klauzula &#8211; korespondencja elektroniczna<\/a><\/p>\n<p><a href=\"https:\/\/przedszkole28.edu.wroclaw.pl\/wp-content\/uploads\/sites\/60\/2024\/09\/Zal.-7e.-Klauzula-strona-www.docx\">Za\u0142. 7e. Klauzula &#8211; strona www<\/a><\/p>\n<p><a href=\"https:\/\/przedszkole28.edu.wroclaw.pl\/wp-content\/uploads\/sites\/60\/2024\/09\/Zal.-7g.-Klauzula-zamowienia-publiczne.docx\">Za\u0142. 7g. Klauzula &#8211; zam\u00f3wienia publiczne<\/a><\/p>\n<p><a href=\"https:\/\/przedszkole28.edu.wroclaw.pl\/wp-content\/uploads\/sites\/60\/2024\/09\/Zal.-7k.-Klauzula-rekrutacja-pracownika.docx\">Za\u0142. 7k. Klauzula &#8211; rekrutacja pracownika<\/a><\/p>\n<p><a href=\"https:\/\/przedszkole28.edu.wroclaw.pl\/wp-content\/uploads\/sites\/60\/2024\/09\/Zal.-7l.-Klauzula-pracownik-nauczyciel.docx\">Za\u0142. 7l. Klauzula &#8211; pracownik &#8211; nauczyciel<\/a><\/p>\n<p><a href=\"https:\/\/przedszkole28.edu.wroclaw.pl\/wp-content\/uploads\/sites\/60\/2024\/09\/Zal.-7n.-Klauzula-edukacja-dziecka-w-placowce.docx\">Za\u0142. 7n. Klauzula &#8211; edukacja dziecka w plac\u00f3wce<\/a><\/p>\n<p><a href=\"https:\/\/przedszkole28.edu.wroclaw.pl\/wp-content\/uploads\/sites\/60\/2024\/09\/Zal.-7p.-Klauzula-opiekun-wycieczki.docx\">Za\u0142. 7p. Klauzula &#8211; opiekun wycieczki<\/a><\/p>\n<p><a href=\"https:\/\/przedszkole28.edu.wroclaw.pl\/wp-content\/uploads\/sites\/60\/2024\/09\/Zal.-7r.-Klauzula-przyjecie-dziecka-w-ramach-dyzuru-wakacyjnego.docx\">Za\u0142. 7r. Klauzula &#8211; przyj\u0119cie dziecka w ramach dy\u017curu wakacyjnego<\/a><\/p>\n<p><a href=\"https:\/\/przedszkole28.edu.wroclaw.pl\/wp-content\/uploads\/sites\/60\/2024\/09\/Zal.-7x.-Klauzula-dla-osob-upowaznionych-do-odbioru-dziecka-z-przedszkola.docx\">Za\u0142. 7x. Klauzula &#8211; dla os\u00f3b upowa\u017cnionych do odbioru dziecka z przedszkola<\/a><\/p>\n<p><a href=\"https:\/\/przedszkole28.edu.wroclaw.pl\/wp-content\/uploads\/sites\/60\/2024\/09\/Zal.-8.-Zgoda-na-wizerunek-na-www.docx\">Za\u0142. 8. Zgoda na wizerunek na www<\/a><\/p>\n<p><a href=\"https:\/\/przedszkole28.edu.wroclaw.pl\/wp-content\/uploads\/sites\/60\/2024\/09\/Zal.-9.-Karta-do-odbioru-dziecka-z-przedszkola.docx\">Za\u0142. 9. Karta do odbioru dziecka z przedszkola<\/a><\/p>\n<p>&nbsp;<\/p>\n","protected":false},"excerpt":{"rendered":"<p>Dane kontaktowe inspektora ochrony danych osobowych Dane kontaktowe IOD: TOMASZ GRZYBOWSKI adres e-mail:\u00a0inspektor@coreconsulting.pl Do pobrania: Za\u0142. 7. Klauzula &#8211; z\u0142o\u017cenie pisma w plac\u00f3wce Za\u0142. 7a. Klauzula &#8211; z\u0142o\u017cenie pisma &#8211; [&hellip;]<\/p>\n","protected":false},"author":7,"featured_media":0,"parent":0,"menu_order":0,"comment_status":"closed","ping_status":"closed","template":"","meta":{"footnotes":""},"class_list":["post-512","page","type-page","status-publish","hentry","clearfix"],"_links":{"self":[{"href":"https:\/\/przedszkole28.edu.wroclaw.pl\/index.php\/wp-json\/wp\/v2\/pages\/512","targetHints":{"allow":["GET"]}}],"collection":[{"href":"https:\/\/przedszkole28.edu.wroclaw.pl\/index.php\/wp-json\/wp\/v2\/pages"}],"about":[{"href":"https:\/\/przedszkole28.edu.wroclaw.pl\/index.php\/wp-json\/wp\/v2\/types\/page"}],"author":[{"embeddable":true,"href":"https:\/\/przedszkole28.edu.wroclaw.pl\/index.php\/wp-json\/wp\/v2\/users\/7"}],"replies":[{"embeddable":true,"href":"https:\/\/przedszkole28.edu.wroclaw.pl\/index.php\/wp-json\/wp\/v2\/comments?post=512"}],"version-history":[{"count":6,"href":"https:\/\/przedszkole28.edu.wroclaw.pl\/index.php\/wp-json\/wp\/v2\/pages\/512\/revisions"}],"predecessor-version":[{"id":5547,"href":"https:\/\/przedszkole28.edu.wroclaw.pl\/index.php\/wp-json\/wp\/v2\/pages\/512\/revisions\/5547"}],"wp:attachment":[{"href":"https:\/\/przedszkole28.edu.wroclaw.pl\/index.php\/wp-json\/wp\/v2\/media?parent=512"}],"curies":[{"name":"wp","href":"https:\/\/api.w.org\/{rel}","templated":true}]}}

<h2 id="text9_SubpageHeading_2" class="skgd" data-sgid="text9_SubpageHeading_2">Dane kontaktowe inspektora ochrony danych osobowych</h2>
<div id="text9_Html_1" class="skgd plainText" data-sgid="text9_Html_1">
<p>Dane kontaktowe IOD:</p>
<p>TOMASZ GRZYBOWSKI</p>
<p>adres e-mail: <a href="mailto:inspektor@coreconsulting.pl">inspektor@coreconsulting.pl</a></p>
</div>
<hr />
<h3>Do pobrania:</h3>
<p><a href="https://przedszkole28.edu.wroclaw.pl/wp-content/uploads/sites/60/2024/09/Zal.-7.-Klauzula-zlozenie-pisma-w-placowce.docx">Zał. 7. Klauzula &#8211; złożenie pisma w placówce</a></p>
<p><a href="https://przedszkole28.edu.wroclaw.pl/wp-content/uploads/sites/60/2024/09/Zal.-7a.-Klauzula-zlozenie-pisma-wersja-skrocona.docx">Zał. 7a. Klauzula &#8211; złożenie pisma &#8211; wersja skrócona</a></p>
<p><a href="https://przedszkole28.edu.wroclaw.pl/wp-content/uploads/sites/60/2024/09/Zal.-7c.-Klauzula-korespondencja-elektroniczna.docx">Zał. 7c. Klauzula &#8211; korespondencja elektroniczna</a></p>
<p><a href="https://przedszkole28.edu.wroclaw.pl/wp-content/uploads/sites/60/2024/09/Zal.-7e.-Klauzula-strona-www.docx">Zał. 7e. Klauzula &#8211; strona www</a></p>
<p><a href="https://przedszkole28.edu.wroclaw.pl/wp-content/uploads/sites/60/2024/09/Zal.-7g.-Klauzula-zamowienia-publiczne.docx">Zał. 7g. Klauzula &#8211; zamówienia publiczne</a></p>
<p><a href="https://przedszkole28.edu.wroclaw.pl/wp-content/uploads/sites/60/2024/09/Zal.-7k.-Klauzula-rekrutacja-pracownika.docx">Zał. 7k. Klauzula &#8211; rekrutacja pracownika</a></p>
<p><a href="https://przedszkole28.edu.wroclaw.pl/wp-content/uploads/sites/60/2024/09/Zal.-7l.-Klauzula-pracownik-nauczyciel.docx">Zał. 7l. Klauzula &#8211; pracownik &#8211; nauczyciel</a></p>
<p><a href="https://przedszkole28.edu.wroclaw.pl/wp-content/uploads/sites/60/2024/09/Zal.-7n.-Klauzula-edukacja-dziecka-w-placowce.docx">Zał. 7n. Klauzula &#8211; edukacja dziecka w placówce</a></p>
<p><a href="https://przedszkole28.edu.wroclaw.pl/wp-content/uploads/sites/60/2024/09/Zal.-7p.-Klauzula-opiekun-wycieczki.docx">Zał. 7p. Klauzula &#8211; opiekun wycieczki</a></p>
<p><a href="https://przedszkole28.edu.wroclaw.pl/wp-content/uploads/sites/60/2024/09/Zal.-7r.-Klauzula-przyjecie-dziecka-w-ramach-dyzuru-wakacyjnego.docx">Zał. 7r. Klauzula &#8211; przyjęcie dziecka w ramach dyżuru wakacyjnego</a></p>
<p><a href="https://przedszkole28.edu.wroclaw.pl/wp-content/uploads/sites/60/2024/09/Zal.-7x.-Klauzula-dla-osob-upowaznionych-do-odbioru-dziecka-z-przedszkola.docx">Zał. 7x. Klauzula &#8211; dla osób upoważnionych do odbioru dziecka z przedszkola</a></p>
<p><a href="https://przedszkole28.edu.wroclaw.pl/wp-content/uploads/sites/60/2024/09/Zal.-8.-Zgoda-na-wizerunek-na-www.docx">Zał. 8. Zgoda na wizerunek na www</a></p>
<p><a href="https://przedszkole28.edu.wroclaw.pl/wp-content/uploads/sites/60/2024/09/Zal.-9.-Karta-do-odbioru-dziecka-z-przedszkola.docx">Zał. 9. Karta do odbioru dziecka z przedszkola</a></p>
<p>&nbsp;</p>

<p>Dane kontaktowe inspektora ochrony danych osobowych Dane kontaktowe IOD: TOMASZ GRZYBOWSKI adres e-mail: inspektor@coreconsulting.pl Do pobrania: Zał. 7. Klauzula &#8211; złożenie pisma w placówce Zał. 7a. Klauzula &#8211; złożenie pisma &#8211; [&hellip;]</p>
